{"id":8952,"date":"2023-03-06T16:28:21","date_gmt":"2023-03-06T15:28:21","guid":{"rendered":"https:\/\/www.rotarymodena.it\/?post_type=lettere_presidente&#038;p=8952"},"modified":"2023-03-06T16:28:22","modified_gmt":"2023-03-06T15:28:22","slug":"lettera-del-mese-di-marzo-2023","status":"publish","type":"lettere_presidente","link":"https:\/\/www.rotarymodena.it\/?lettere_presidente=lettera-del-mese-di-marzo-2023","title":{"rendered":"LETTERA DEL MESE DI MARZO 2023"},"content":{"rendered":"\n<p>Care Amiche, cari Amici,<br>il Rotary dedica il mese di marzo all&#8217;Acqua, Servizi igienici e Igiene, tema che assume maggiore rilievo di anno in anno, alla luce delle crescenti criticit\u00e0 che colpiscono molta parte del mondo, sia sotto il profilo dell\u2019approvvigionamento idrico, che dell\u2019inquinamento.<br>Il susseguirsi di segnali preoccupanti, ultimo dei quali questo inverno particolarmente povero di precipitazioni, evidenzia da una parte quanto preziosa, indispensabile ed insostituibile sia questa risorsa, dall\u2019altra che anche per il nostro Paese occorrano urgenti misure volte alla sua tutela ed ottimizzazione.<br>Analogamente, l\u2019ONU conferisce a questo argomento massimo rilievo, avendo inserito fra i 17 obiettivi individuati nell\u2019Agenda 2030 per lo Sviluppo Sostenibile -programma d\u2019azione per le persone, il pianeta e la prosperit\u00e0- quello di \u201cGarantire a tutti la disponibilit\u00e0 e la gestione sostenibile dell\u2019acqua e delle strutture igienico-sanitarie\u201d. Di questo si discuter\u00e0 a New York nella \u201cUN 2023 Water Conference\u201d in programma dal 22 al 24 marzo prossimi.<br>Anche l\u2019impegno rotariano in tale ambito va nella medesima direzione e, come sempre, si esprime concretamente in tutto il mondo attraverso la realizzazione di specifici progetti, a livello di Club, di Distretto e di Fondazione Rotary, in particolare tramite Global e District Grant.<br>Nella lettera di marzo, il Governatore, commentando il tema del mese, estende le proprie riflessioni anche al pi\u00f9 generale tema dei diritti umani, che ovviamente include, ma non si esaurisce con l\u2019acqua e i servizi d\u2019igiene, intesi come fonte di sopravvivenza, ma anche come presupposto indispensabile per lo sviluppo delle comunit\u00e0 e della pace.<br>Al riguardo, cita anche le forti affermazioni di Papa Francesco nel seminario sul diritto umano all\u2019acqua, organizzato nel 2017 dalla pontificia Accademia delle Scienze: \u00ab\u00e8 necessario attribuire all\u2019acqua la centralit\u00e0 che merita nell\u2019ambito delle politiche pubbliche\u00bb, promuovendo l\u2019affermazione di \u00abuna cultura della cura e dell\u2019incontro, in cui si uniscano in una causa comune tutte le forze necessarie di scienziati e imprenditori, governanti e politici\u00bb.<br>Papa Francesco del resto \u00e8 intervenuto in diverse altre occasioni su questo argomento nel corso del proprio Pontificato, definendo l\u2019acqua come risorsa fondamentale, bene comune vitale per la vita, che richiede \u201cuna coscienza universale\u201d, non una \u201cmentalit\u00e0 utilitaristica\u201d. \u201cL\u2019accesso all\u2019acqua potabile e sicura &#8211; ha affermato il Papa &#8211; \u00e8 un diritto umano essenziale e universale\u201d ed \u201c\u00e8 imprescindibile, perch\u00e9 determina la sopravvivenza delle persone e per questo \u00e8 condizione per l\u2019esercizio di ogni altro diritto e responsabilit\u00e0\u201d.<br>Passando alle attivit\u00e0 di questo mese di marzo, anche a livello distrettuale, ricordo di seguito i principali appuntamenti, a partire dal SIPE, Seminario Istruzione Presidenti Eletti 23\/24, tenutosi nello scorso fine settimana ed articolato in due sessioni, quella internazionale e quella interdistrettuale, insieme al Distretto 2080, con la presenza della Presidente Internazionale Nominata per l\u2019anno 24-25 Stephanie A. Urchick e del Board Director Alberto Cecchini.  Per quanto riguarda il nostro Club, il primo incontro sar\u00e0 il caminetto di marted\u00ec 7 marzo presso il Caff\u00e8 Concerto, locale che sta riscuotendo buoni consensi da parte dei Soci; per le altre 3 serate, invece, \u00e8 stato necessario far slittare il nostro consueto appuntamento a giorni della settimana diversi rispetto al marted\u00ec.<br>Il successivo appuntamento sar\u00e0 infatti il Seminario Interdistrettuale \u201cSALUTE 4.0: sanit\u00e0, ricerca, istruzione\u201d, che si svolger\u00e0 sabato 18 marzo a Mirandola, nel cui ambito, fra l\u2019altro, \u00e8 previsto uno specifico approfondimento dedicato al progetto distrettuale \u201cA scuola in salute\u201d, cui anche il nostro Club ha partecipato attivamente.<br>Ci tengo a rilevare in proposito che, grazie al generoso apporto di nostri Soci medici, sono stati svolti nelle scorse settimane specifici incontri formativi con gli studenti di pi\u00f9 di 60 classi del biennio degli istituti scolastici cittadini Selmi e Fermi, dedicati ai temi dei disturbi del comportamento alimentare e dei corretti stili di vita per la salute cardiovascolare.<br>La settimana seguente, gioved\u00ec 23 marzo, in interclub con i RC Carpi e L.A. Muratori, presso il ristorante Vinicio, potremo ammirare quella che il noto designer Cleto Munari defin\u00ec \u201cL\u2019opera d\u2019arte pi\u00f9 veloce del mondo\u201d, la Porsche 996 da lui decorata insieme ad altri famosi designers ed artisti, fra i quali Ettore Sottsass e Mimmo Paladino.<br>Chiuder\u00e0 il mese un altro importante appuntamento, l\u2019incontro di mercoled\u00ec 29 marzo con il nostro Arcivescovo e Socio onorario S.E.R. Monsignor Erio Castellucci, che ci proporr\u00e0 una relazione su un argomento di grande interesse e che certamente offrir\u00e0 a tutti noi numerosi spunti di arricchimento e di riflessione: \u201cL\u2019arte Sacra e i tesori artistici nelle Chiese\u201d.<br>In conclusione, segnalo che la settimana dal 13 al 19 marzo sar\u00e0 dedicata al Rotaract, iniziativa che potr\u00e0 stimolarci ad avvicinare e accogliere sempre pi\u00f9 giovani nel nostro sodalizio; infine, per chi fosse interessato a partecipare alla Convention Internazionale del Rotary, in programma a Melbourne, dal 27 al 31 maggio, ricordo che marzo \u00e8 l\u2019ultimo mese disponibile per ottenere gli sconto tariffari previsti per le registrazioni anticipate.<br><br>Un caro saluto e buon Rotary a tutti.<br>Enrico<\/p>\n","protected":false},"featured_media":8513,"template":"","categories":[33],"class_list":["post-8952","lettere_presidente","type-lettere_presidente","status-publish","has-post-thumbnail","hentry","category-lettera-del-presidente","has_thumb"],"acf":[],"_links":{"self":[{"href":"https:\/\/www.rotarymodena.it\/index.php?rest_route=\/wp\/v2\/lettere_presidente\/8952","targetHints":{"allow":["GET"]}}],"collection":[{"href":"https:\/\/www.rotarymodena.it\/index.php?rest_route=\/wp\/v2\/lettere_presidente"}],"about":[{"href":"https:\/\/www.rotarymodena.it\/index.php?rest_route=\/wp\/v2\/types\/lettere_presidente"}],"wp:featuredmedia":[{"embeddable":true,"href":"https:\/\/www.rotarymodena.it\/index.php?rest_route=\/wp\/v2\/media\/8513"}],"wp:attachment":[{"href":"https:\/\/www.rotarymodena.it\/index.php?rest_route=%2Fwp%2Fv2%2Fmedia&parent=8952"}],"wp:term":[{"taxonomy":"category","embeddable":true,"href":"https:\/\/www.rotarymodena.it\/index.php?rest_route=%2Fwp%2Fv2%2Fcategories&post=8952"}],"curies":[{"name":"wp","href":"https:\/\/api.w.org\/{rel}","templated":true}]}}

<p>Care Amiche, cari Amici,<br>il Rotary dedica il mese di marzo all&#8217;Acqua, Servizi igienici e Igiene, tema che assume maggiore rilievo di anno in anno, alla luce delle crescenti criticità che colpiscono molta parte del mondo, sia sotto il profilo dell’approvvigionamento idrico, che dell’inquinamento.<br>Il susseguirsi di segnali preoccupanti, ultimo dei quali questo inverno particolarmente povero di precipitazioni, evidenzia da una parte quanto preziosa, indispensabile ed insostituibile sia questa risorsa, dall’altra che anche per il nostro Paese occorrano urgenti misure volte alla sua tutela ed ottimizzazione.<br>Analogamente, l’ONU conferisce a questo argomento massimo rilievo, avendo inserito fra i 17 obiettivi individuati nell’Agenda 2030 per lo Sviluppo Sostenibile -programma d’azione per le persone, il pianeta e la prosperità- quello di “Garantire a tutti la disponibilità e la gestione sostenibile dell’acqua e delle strutture igienico-sanitarie”. Di questo si discuterà a New York nella “UN 2023 Water Conference” in programma dal 22 al 24 marzo prossimi.<br>Anche l’impegno rotariano in tale ambito va nella medesima direzione e, come sempre, si esprime concretamente in tutto il mondo attraverso la realizzazione di specifici progetti, a livello di Club, di Distretto e di Fondazione Rotary, in particolare tramite Global e District Grant.<br>Nella lettera di marzo, il Governatore, commentando il tema del mese, estende le proprie riflessioni anche al più generale tema dei diritti umani, che ovviamente include, ma non si esaurisce con l’acqua e i servizi d’igiene, intesi come fonte di sopravvivenza, ma anche come presupposto indispensabile per lo sviluppo delle comunità e della pace.<br>Al riguardo, cita anche le forti affermazioni di Papa Francesco nel seminario sul diritto umano all’acqua, organizzato nel 2017 dalla pontificia Accademia delle Scienze: «è necessario attribuire all’acqua la centralità che merita nell’ambito delle politiche pubbliche», promuovendo l’affermazione di «una cultura della cura e dell’incontro, in cui si uniscano in una causa comune tutte le forze necessarie di scienziati e imprenditori, governanti e politici».<br>Papa Francesco del resto è intervenuto in diverse altre occasioni su questo argomento nel corso del proprio Pontificato, definendo l’acqua come risorsa fondamentale, bene comune vitale per la vita, che richiede “una coscienza universale”, non una “mentalità utilitaristica”. “L’accesso all’acqua potabile e sicura &#8211; ha affermato il Papa &#8211; è un diritto umano essenziale e universale” ed “è imprescindibile, perché determina la sopravvivenza delle persone e per questo è condizione per l’esercizio di ogni altro diritto e responsabilità”.<br>Passando alle attività di questo mese di marzo, anche a livello distrettuale, ricordo di seguito i principali appuntamenti, a partire dal SIPE, Seminario Istruzione Presidenti Eletti 23/24, tenutosi nello scorso fine settimana ed articolato in due sessioni, quella internazionale e quella interdistrettuale, insieme al Distretto 2080, con la presenza della Presidente Internazionale Nominata per l’anno 24-25 Stephanie A. Urchick e del Board Director Alberto Cecchini.  Per quanto riguarda il nostro Club, il primo incontro sarà il caminetto di martedì 7 marzo presso il Caffè Concerto, locale che sta riscuotendo buoni consensi da parte dei Soci; per le altre 3 serate, invece, è stato necessario far slittare il nostro consueto appuntamento a giorni della settimana diversi rispetto al martedì.<br>Il successivo appuntamento sarà infatti il Seminario Interdistrettuale “SALUTE 4.0: sanità, ricerca, istruzione”, che si svolgerà sabato 18 marzo a Mirandola, nel cui ambito, fra l’altro, è previsto uno specifico approfondimento dedicato al progetto distrettuale “A scuola in salute”, cui anche il nostro Club ha partecipato attivamente.<br>Ci tengo a rilevare in proposito che, grazie al generoso apporto di nostri Soci medici, sono stati svolti nelle scorse settimane specifici incontri formativi con gli studenti di più di 60 classi del biennio degli istituti scolastici cittadini Selmi e Fermi, dedicati ai temi dei disturbi del comportamento alimentare e dei corretti stili di vita per la salute cardiovascolare.<br>La settimana seguente, giovedì 23 marzo, in interclub con i RC Carpi e L.A. Muratori, presso il ristorante Vinicio, potremo ammirare quella che il noto designer Cleto Munari definì “L’opera d’arte più veloce del mondo”, la Porsche 996 da lui decorata insieme ad altri famosi designers ed artisti, fra i quali Ettore Sottsass e Mimmo Paladino.<br>Chiuderà il mese un altro importante appuntamento, l’incontro di mercoledì 29 marzo con il nostro Arcivescovo e Socio onorario S.E.R. Monsignor Erio Castellucci, che ci proporrà una relazione su un argomento di grande interesse e che certamente offrirà a tutti noi numerosi spunti di arricchimento e di riflessione: “L’arte Sacra e i tesori artistici nelle Chiese”.<br>In conclusione, segnalo che la settimana dal 13 al 19 marzo sarà dedicata al Rotaract, iniziativa che potrà stimolarci ad avvicinare e accogliere sempre più giovani nel nostro sodalizio; infine, per chi fosse interessato a partecipare alla Convention Internazionale del Rotary, in programma a Melbourne, dal 27 al 31 maggio, ricordo che marzo è l’ultimo mese disponibile per ottenere gli sconto tariffari previsti per le registrazioni anticipate.<br><br>Un caro saluto e buon Rotary a tutti.<br>Enrico</p>
