{"id":7996,"date":"2021-08-31T15:30:55","date_gmt":"2021-08-31T14:30:55","guid":{"rendered":"https:\/\/www.rotarymodena.it\/?post_type=lettere_presidente&#038;p=7996"},"modified":"2021-08-31T15:34:28","modified_gmt":"2021-08-31T14:34:28","slug":"lettera-del-presidente-agosto-2021","status":"publish","type":"lettere_presidente","link":"https:\/\/www.rotarymodena.it\/?lettere_presidente=lettera-del-presidente-agosto-2021","title":{"rendered":"LETTERA DEL PRESIDENTE AGOSTO 2021"},"content":{"rendered":"\n<p>Carissimi,<br>mi auguro che questa mia lettera ferragostana Vi raggiunga in localit\u00e0 amene, in momenti di relax e di sereno svago.<br>Innanzitutto un vivo ringraziamento per la festosa accoglienza che mi avete riservato al momento della mia investitura: i messaggi di auguri, le sincere congratulazioni e soprattutto l\u2019ampia partecipazione alle<br>tre conviviali di Luglio rappresentano un incoraggiamento ed un assenso ad operare verso gli obiettivi che ho condiviso con Voi nella presentazione della mia annata.<br>Il piacere ritrovato di vivere gli incontri in presenza, di rivedere Soci da tempo lontani dalla vita del Club e di riannodare i fili di una socialit\u00e0 perduta nei lunghi mesi del lockdown, mi inducono a riaprire un tema su cui gi\u00e0 mi sono soffermata nell\u2019esposizione del Piano Strategico Triennale, che nel 2022 giunger\u00e0 a conclusione: il rafforzamento dell\u2019Effettivo Soci e dell\u2019efficacia del Club.<br>Cogliendo l\u2019opportunit\u00e0 derivata dal fatto che il mese di Agosto \u00e8 rotarianamente dedicato all\u2019Effettivo, il Governatore nella sua lettera mensile ci richiama alla necessit\u00e0 di agire su due piani: la presenza femminile e l\u2019et\u00e0 media.<br>Sulla presenza femminile il dato percentuale del nostro Club \u00e8 in forte sofferenza rispetto al valore distrettuale (17%), a propria volta pi\u00f9 basso della media nazionale (20%).Se ciascuna delle Socie, come ho gi\u00e0 auspicato, si impegnasse ad individuare una potenziale rotariana, riconosciuta come leader nel proprio settore professionale e disposta ad impegnarsi in spirito di servizio alla comunit\u00e0, avremmo raggiunto uno degli obiettivi principali su cui verr\u00e0 valutato lo stato di salute del nostro Club. Certamente anche le mogli dei Soci potrebbero avere parte attiva in questa individuazione!<br>\u201cCrescere di pi\u00f9 per fare di pi\u00f9\u201d, questo \u00e8 uno dei \u201cmantra\u201d del Presidenti Internazionale Shekhar Mehta: \u201cfare di pi\u00f9, ossia aumentare i services non solo e non tanto come numero, ma anche e soprattutto<br>come impatto ed importanza; crescere di pi\u00f9 ossia aumentare l\u2019effettivo espandendo la partecipazione\u201d:<br>credo che in questi mesi il nostro Club si stia opportunamente orientando in entrambe queste direzioni e la collaborazione di tutti Voi sar\u00e0 determinante in tal senso.<br>Sul piano dei services, proprio in questi giorni il Gruppo Ghirlandina, aderendo all\u2019invito del Governatore, ha manifestato la propria solidariet\u00e0 alle popolazioni tedesche colpite dai gravi eventi alluvionali delle scorse settimane, con una donazione diretta di 4.000 euro sul conto aperto dal Rotary Club di Adenau- Nurburgring. Analogo intervento ci apprestiamo a compiere per sostenere le regioni italiane, in particolare la Sardegna, martoriate dai devastanti incendi di questi giorni.<br>In conclusione, per la ripresa di Settembre, Vi segnalo ancora, con rammarico, l\u2019annullamento del Convegno CIP conseguente all\u2019annullamento da parte del Rotary Internazionale di tutte le manifestazioni internazionali previste per il 2021, per ragioni sanitarie. Il nostro previsto programma mensile, gi\u00e0 programmato, subir\u00e0 pertanto qualche variazione. Considerate le disposizioni normative sul Green pass, la squadra dei miei collaboratori si sta adoperando per proporvi conviviali all\u2019aperto, al fine di consentire, finch\u00e9 la stagione lo consentir\u00e0, la pi\u00f9 ampia partecipazione di tutti, in piena sicurezza e serenit\u00e0.<br>In attesa di rivederci presto, nello spirito rotariano, un augurio caro di Buon Ferragosto!<br>Silvia<\/p>\n","protected":false},"featured_media":7948,"template":"","categories":[33],"class_list":["post-7996","lettere_presidente","type-lettere_presidente","status-publish","has-post-thumbnail","hentry","category-lettera-del-presidente","has_thumb"],"acf":[],"_links":{"self":[{"href":"https:\/\/www.rotarymodena.it\/index.php?rest_route=\/wp\/v2\/lettere_presidente\/7996","targetHints":{"allow":["GET"]}}],"collection":[{"href":"https:\/\/www.rotarymodena.it\/index.php?rest_route=\/wp\/v2\/lettere_presidente"}],"about":[{"href":"https:\/\/www.rotarymodena.it\/index.php?rest_route=\/wp\/v2\/types\/lettere_presidente"}],"wp:featuredmedia":[{"embeddable":true,"href":"https:\/\/www.rotarymodena.it\/index.php?rest_route=\/wp\/v2\/media\/7948"}],"wp:attachment":[{"href":"https:\/\/www.rotarymodena.it\/index.php?rest_route=%2Fwp%2Fv2%2Fmedia&parent=7996"}],"wp:term":[{"taxonomy":"category","embeddable":true,"href":"https:\/\/www.rotarymodena.it\/index.php?rest_route=%2Fwp%2Fv2%2Fcategories&post=7996"}],"curies":[{"name":"wp","href":"https:\/\/api.w.org\/{rel}","templated":true}]}}

<p>Carissimi,<br>mi auguro che questa mia lettera ferragostana Vi raggiunga in località amene, in momenti di relax e di sereno svago.<br>Innanzitutto un vivo ringraziamento per la festosa accoglienza che mi avete riservato al momento della mia investitura: i messaggi di auguri, le sincere congratulazioni e soprattutto l’ampia partecipazione alle<br>tre conviviali di Luglio rappresentano un incoraggiamento ed un assenso ad operare verso gli obiettivi che ho condiviso con Voi nella presentazione della mia annata.<br>Il piacere ritrovato di vivere gli incontri in presenza, di rivedere Soci da tempo lontani dalla vita del Club e di riannodare i fili di una socialità perduta nei lunghi mesi del lockdown, mi inducono a riaprire un tema su cui già mi sono soffermata nell’esposizione del Piano Strategico Triennale, che nel 2022 giungerà a conclusione: il rafforzamento dell’Effettivo Soci e dell’efficacia del Club.<br>Cogliendo l’opportunità derivata dal fatto che il mese di Agosto è rotarianamente dedicato all’Effettivo, il Governatore nella sua lettera mensile ci richiama alla necessità di agire su due piani: la presenza femminile e l’età media.<br>Sulla presenza femminile il dato percentuale del nostro Club è in forte sofferenza rispetto al valore distrettuale (17%), a propria volta più basso della media nazionale (20%).Se ciascuna delle Socie, come ho già auspicato, si impegnasse ad individuare una potenziale rotariana, riconosciuta come leader nel proprio settore professionale e disposta ad impegnarsi in spirito di servizio alla comunità, avremmo raggiunto uno degli obiettivi principali su cui verrà valutato lo stato di salute del nostro Club. Certamente anche le mogli dei Soci potrebbero avere parte attiva in questa individuazione!<br>“Crescere di più per fare di più”, questo è uno dei “mantra” del Presidenti Internazionale Shekhar Mehta: “fare di più, ossia aumentare i services non solo e non tanto come numero, ma anche e soprattutto<br>come impatto ed importanza; crescere di più ossia aumentare l’effettivo espandendo la partecipazione”:<br>credo che in questi mesi il nostro Club si stia opportunamente orientando in entrambe queste direzioni e la collaborazione di tutti Voi sarà determinante in tal senso.<br>Sul piano dei services, proprio in questi giorni il Gruppo Ghirlandina, aderendo all’invito del Governatore, ha manifestato la propria solidarietà alle popolazioni tedesche colpite dai gravi eventi alluvionali delle scorse settimane, con una donazione diretta di 4.000 euro sul conto aperto dal Rotary Club di Adenau- Nurburgring. Analogo intervento ci apprestiamo a compiere per sostenere le regioni italiane, in particolare la Sardegna, martoriate dai devastanti incendi di questi giorni.<br>In conclusione, per la ripresa di Settembre, Vi segnalo ancora, con rammarico, l’annullamento del Convegno CIP conseguente all’annullamento da parte del Rotary Internazionale di tutte le manifestazioni internazionali previste per il 2021, per ragioni sanitarie. Il nostro previsto programma mensile, già programmato, subirà pertanto qualche variazione. Considerate le disposizioni normative sul Green pass, la squadra dei miei collaboratori si sta adoperando per proporvi conviviali all’aperto, al fine di consentire, finché la stagione lo consentirà, la più ampia partecipazione di tutti, in piena sicurezza e serenità.<br>In attesa di rivederci presto, nello spirito rotariano, un augurio caro di Buon Ferragosto!<br>Silvia</p>
